 6*y = 4*y + 6. Let t = y + 3. Let x(m) = 7*m + 2. What is the remainder when x(2) is divided by t?
4
What is the remainder when (8/(-5))/(4/(-30)) is divided by 7?
5
Calculate the remainder when 20 is divided by (-1)/((-18)/4) + 183/27.
6
Let n = -45 + 98. What is the remainder when n is divided by 14?
11
Let g = 16 - 13. Let y = 1 + g. Calculate the remainder when 6 is divided by y.
2
Let r be (-3 + -2)/(-15)*6. Suppose 5*d + 2*t - 10 = 14, -5*d + 36 = -2*t. Calculate the remainder when 15/(r*d/16) is divided by 11.
9
Suppose -5*d - 6 = -11. What is the remainder when 2*d/((-2)/(-11)) is divided by 4?
3
Let d = -61 + 116. Let j = 16 + 12. Calculate the remainder when d is divided by j.
27
Let o be 14 - 2/2*0. Suppose -o - 6 = -5*y. Let q(d) = 4*d - 6. Calculate the remainder when 19 is divided by q(y).
9
Suppose 3*l - 15 = z + 4*z, -15 = -5*z. Let w = -219 + 258. Calculate the remainder when w is divided by l.
9
Let o = -11 - -17. Suppose 0 = -v - 4*v + 35. Let w = v - -9. What is the remainder when w is divided by o?
4
Calculate the remainder when 27 is divided by ((-15)/6*2/(-1))/1.
2
Let k(t) = 2*t**2 - t - 1. What is the remainder when k(-6) is divided by 20?
17
Let b(o) be the third derivative of 0 - 2*o**2 + 1/4*o**4 + 0*o + 1/60*o**5 - 13/6*o**3. What is the remainder when b(-9) is divided by 5?
4
Let u = 29 + -22. Calculate the remainder when u is divided by 3.
1
Suppose -4*v - 20 = 0, -3*g + 0*v = 2*v - 14. What is the remainder when 23 is divided by g?
7
Suppose 4*b + 5*q = 324 + 23, 2*q = -5*b + 421. Calculate the remainder when b is divided by 21.
20
Let y be ((-12)/(-21))/((-2)/(-7)). Suppose -13 + y = -h. What is the remainder when 21 is divided by h?
10
Let d(h) = -3*h**2 - h**3 + 0*h**3 - 2 + 1 - 3. Suppose -8 = -4*l + 84. What is the remainder when l is divided by d(-4)?
11
Let g = 1 - 25. Let o(s) = s - 10. Let t be o(-7). Let x = t - g. What is the remainder when 13 is divided by x?
6
Suppose -5*a = 5*s - 260, 0*s + 5*a + 196 = 3*s. Calculate the remainder when s is divided by 15.
12
Suppose 162 = 4*q - 86. Calculate the remainder when q is divided by 21.
20
Let v = 11 + 5. Let w = 6 + 4. Let y = 19 - w. What is the remainder when v is divided by y?
7
Suppose -3*m = 2*z - 201, -4*m - 5*z + 268 = -2*z. What is the remainder when m is divided by 17?
16
Suppose -5*s + 31 = 3*y - 0, -43 = -4*y - 5*s. Calculate the remainder when 47 is divided by y.
11
Let a(b) = -b**2 + 15*b - 1. Let n be (-1)/2 + 1/2. Suppose 0 = 3*t - 45 - n. What is the remainder when a(11) is divided by t?
13
Let q be (-1)/(-7) + (-148)/7. Let i = 38 + q. What is the remainder when i is divided by 5?
2
Let t(n) = 42*n + 2. Calculate the remainder when t(1) is divided by 24.
20
Suppose -2*i + 16 = 2. Suppose 0 = 2*j - 7*j + 15. Suppose 0 = -j*d + 4*u + 24, 2*d + u + 2*u = -1. Calculate the remainder when i is divided by d.
3
Let d be 78/(-9)*(1 - -2). Let g = 81 + d. What is the remainder when g is divided by 14?
13
Suppose -4 = 4*z, -2 = 5*y - 5*z - 102. What is the remainder when y is divided by 12?
7
Suppose -4*t - 6 + 42 = 0. Suppose -96 = -13*i + t*i. Calculate the remainder when i is divided by 9.
6
Let o be 0*(-2)/(-6) + 3. Suppose 3*v = -2*p + 169, -4*v + 106 = -2*v + o*p. Let n = 17 + 3. What is the remainder when v is divided by n?
19
Suppose z - 219 = -2*z. What is the remainder when z is divided by 5?
3
Let x = 34 - -11. What is the remainder when x is divided by 16?
13
Let r be (-10 + 9)/((-1)/198). Suppose 2*k = 7*k + 2*p - 87, 1 = p. What is the remainder when r/(-2)*(-4)/12 is divided by k?
16
Let f be 0/(6 + -2 - 1). Calculate the remainder when 19 is divided by -5*(f - (-28)/(-20)).
5
Suppose 5*h - 3*h - 12 = 0. Suppose i - 51 = 3*t, t - h*t = -3*i + 137. Calculate the remainder when i is divided by 10.
9
Let p(g) = 6*g**2 - 7*g + 2. What is the remainder when p(6) is divided by 45?
41
Suppose 0 = 5*x - 2*j - 61, 4*x + x = -5*j + 75. Calculate the remainder when 127 is divided by x.
10
Calculate the remainder when 104 is divided by (3/4)/((-7)/(-196)).
20
Let z(v) = -v**3 - 8*v**2 - v - 3. Suppose 3*m = 5*c - 74 + 7, 2*c - 33 = -5*m. What is the remainder when c is divided by z(-8)?
4
Suppose 5*o + 4*a - 6 = 0, 3*o - a + 8 = o. Let f = 5 - -40. What is the remainder when f is divided by (-25 + (-2)/(-2))/o?
9
Let d(h) = -13*h**3 - 4*h**2 - 2*h + 1. Calculate the remainder when 32 is divided by d(-1).
8
Let a = -25 + 46. What is the remainder when a is divided by 8?
5
Let r(l) = 2*l + 31. Let v be r(-13). Suppose i - 234 = -v*i. What is the remainder when i is divided by 21?
18
Suppose -y = j - 5, -3*j - 4 = -2*y + 1. Suppose w - 2*c = y*w + 3, 5*w + 2*c = -1. Suppose 8 = a + w. What is the remainder when 20 is divided by a?
6
Suppose 3*b + 18 = 4*b. Suppose u + j - b = -u, 0 = -u - j + 9. What is the remainder when u is divided by 4?
1
Suppose 3*y + 2*f - 139 = 0, 4*y + 3*f + f = 192. Calculate the remainder when y is divided by 11.
10
Suppose -60 = p - 4*p. Calculate the remainder when 198 is divided by p.
18
Let i = -4 - -3. Let f = i - 3. Calculate the remainder when 43 is divided by ((-22)/f + 2)*2.
13
Let l be (12/(-16))/(2/(-8)). Suppose -3*t + 18 = -4*w - 3, 21 = 4*t - l*w. Calculate the remainder when 16 is divided by (t*-1)/(2/(-4)).
4
Suppose -4*j + 3*u + 533 = 196, -2*j = 5*u - 175. Suppose -2*n + 4*h = -j - 13, 0 = 4*h. What is the remainder when n is divided by (-1)/3*-17*3?
15
Let a(d) = -d**3 - 7*d**2 - d - 3. Let q be a(-7). Suppose -q*f = -73 - 19. Calculate the remainder when 90 is divided by f.
21
What is the remainder when (-1)/2*(16 - 166) is divided by 26?
23
Let h = 34 + -17. Let s = -26 - -35. What is the remainder when h is divided by s?
8
What is the remainder when (-4)/(-2) - (-6)/3 is divided by (3/5)/((-3)/(-15))?
1
Let h = -13 + 26. Calculate the remainder when 51 is divided by h.
12
Let b(h) = h**2 - h - 7. Calculate the remainder when b(6) is divided by 14.
9
Let r = -2 + -7. Suppose -5 = -s + 4*a + 5, 4*s + 4*a = 0. Let w = s - r. What is the remainder when w is divided by 6?
5
Let m(s) = -2*s**3 + 6 - 2 - 3 - s**2 - s. Suppose 5*r - 6*r + 29 = 0. What is the remainder when r is divided by m(-2)?
14
Let s(i) = -i**2 + 5*i + 1. Suppose c = 1 + 3. Let y be s(c). Let h(q) = q**2 - 3*q - 2. Calculate the remainder when 22 is divided by h(y).
6
Let x = 25 - 20. What is the remainder when 19 is divided by x?
4
Let s = -2 + 0. Let w(h) = -3*h - 1. What is the remainder when 9 is divided by w(s)?
4
Suppose 2*l = 3*l - 3. Let v(t) = t**l + 8 + t + t - 3*t. What is the remainder when v(0) is divided by 5?
3
Let d(p) = 29*p - 3. What is the remainder when d(2) is divided by 14?
13
Suppose 4*l - 80 = 2*c, l - 7*c - 38 = -2*c. Calculate the remainder when 71 is divided by l.
17
Let u = -21 + 75. Suppose -6*v - 5*v + 154 = 0. Calculate the remainder when u is divided by v.
12
Let s = 25 - 11. What is the remainder when 79 is divided by s?
9
Calculate the remainder when ((-268)/(-8))/(1/2) is divided by 36.
31
Let n = 14 + 23. Calculate the remainder when 146 is divided by n.
35
Suppose 160 = 4*w - 4*a, -2*w - 5*a - 3 = -48. Calculate the remainder when w is divided by 18.
17
Let w(d) be the third derivative of d**4/24 - 5*d**3/6 - 2*d**2. Let s = 3 - 1. What is the remainder when w(7) is divided by s?
0
Suppose 2*c + 2*c - 48 = 0. What is the remainder when 57 is divided by c?
9
Calculate the remainder when 6/(-4)*(-4)/3 is divided by (-14)/(-10) - 4/10.
0
Let n be 54/12*8/6. Suppose j = -j + n. What is the remainder when 5 is divided by j?
2
Calculate the remainder when ((-60)/35)/((-4)/42) is divided by 7.
4
Suppose 35 = -2*d + 7*d. Let c(v) = -v**3 - 4*v**2 + 6*v - 10. What is the remainder when c(-6) is divided by d?
5
What is the remainder when 37 - (3 - (2 + -2)) is divided by 12?
10
Suppose -6*u + 121 = -53. What is the remainder when u is divided by 15?
14
Suppose 0 = -3*c - 6 - 9, -3*o + 125 = 5*c. Calculate the remainder when 99 is divided by o.
49
Let j(v) = v**3 - 11*v**2 + 3*v - 1. Calculate the remainder when j(11) is divided by 9.
5
Let h(v) = -v**3 + 11*v**2 + 11*v + 17. Let p be h(12). Let n(t) = -2*t + 14. Calculate the remainder when 14 is divided by n(p).
2
Let v(i) = -2*i**2 - 4*i + 1. Let q be 